rime factors of 838391?
838391
List the prime factors of 10907006.
2, 11, 495773
What are the prime factors of 1989570?
2, 3, 5, 11, 6029
What are the prime factors of 382215?
3, 5, 83, 307
List the prime factors of 275529.
3, 29, 3167
What are the prime factors of 394?
2, 197
List the prime factors of 3953084.
2, 988271
What are the prime factors of 4050104?
2, 506263
List the prime factors of 3991382.
2, 1995691
List the prime factors of 2133781.
13, 151, 1087
List the prime factors of 353271.
3, 117757
What are the prime factors of 110867?
29, 3823
List the prime factors of 7743573.
3, 59, 4861
List the prime factors of 17508320.
2, 5, 73, 1499
What are the prime factors of 4414462?
2, 13, 31, 5477
List the prime factors of 11503609.
13, 877, 1009
What are the prime factors of 20049539?
137, 146347
What are the prime factors of 333053?
7, 971
What are the prime factors of 1704052?
2, 7, 60859
What are the prime factors of 19186793?
1901, 10093
What are the prime factors of 4054500?
2, 3, 5, 17, 53
List the prime factors of 264939.
3, 47, 1879
List the prime factors of 108594.
2, 3, 2011
List the prime factors of 198561.
3, 11, 547
What are the prime factors of 349705?
5, 69941
List the prime factors of 513279.
3, 13, 41, 107
List the prime factors of 170380.
2, 5, 7, 1217
What are the prime factors of 14643913?
107, 136859
List the prime factors of 10019933.
7, 11, 37, 3517
What are the prime factors of 15405628?
2, 7, 73, 7537
List the prime factors of 312258.
2, 3, 71, 733
What are the prime factors of 3895400?
2, 5, 19477
List the prime factors of 82417.
73, 1129
List the prime factors of 5626396.
2, 61, 23059
List the prime factors of 12825466.
2, 1583, 4051
List the prime factors of 1015236.
2, 3, 28201
What are the prime factors of 63842?
2, 137, 233
What are the prime factors of 23187299?
1609, 14411
List the prime factors of 26567656.
2, 113, 29389
What are the prime factors of 3578075?
5, 17, 8419
List the prime factors of 10127048.
2, 37, 34213
List the prime factors of 18026366.
2, 1321, 6823
What are the prime factors of 246601?
19, 12979
List the prime factors of 1009169.
7, 144167
List the prime factors of 214866.
2, 3, 23, 173
List the prime factors of 141134.
2, 7, 17, 593
List the prime factors of 117201.
3, 7, 5581
List the prime factors of 120345.
3, 5, 71, 113
List the prime factors of 196851.
3, 65617
What are the prime factors of 22743518?
2, 7, 17, 95561
List the prime factors of 21499087.
103, 208729
What are the prime factors of 257288?
2, 29, 1109
What are the prime factors of 13446898?
2, 17, 617, 641
List the prime factors of 315278.
2, 157639
List the prime factors of 5247867.
3, 641, 2729
What are the prime factors of 2419367?
83, 103, 283
List the prime factors of 94454.
2, 83, 569
List the prime factors of 187671.
3, 11, 47
What are the prime factors of 395707?
13, 61, 499
List the prime factors of 694967.
7, 13, 1091
List the prime factors of 7133728.
2, 7, 31847
List the prime factors of 11705661.
3, 11, 3583
List the prime factors of 74081.
7, 19, 557
List the prime factors of 159724.
2, 73, 547
What are the prime factors of 568741?
257, 2213
What are the prime factors of 210821?
13, 16217
List the prime factors of 73214.
2, 36607
What are the prime factors of 165814?
2, 11, 7537
What are the prime factors of 644680?
2, 5, 71, 227
What are the prime factors of 27798978?
2, 3, 17, 272539
What are the prime factors of 2339995?
5, 7, 9551
What are the prime factors of 998221?
7, 59, 2417
What are the prime factors of 4068561?
3, 7, 193741
What are the prime factors of 2202889?
13, 41, 4133
List the prime factors of 190772.
2, 37, 1289
List the prime factors of 523162.
2, 261581
List the prime factors of 179825.
5, 7193
List the prime factors of 1935729.
3, 37, 5813
List the prime factors of 777142.
2, 29, 13399
What are the prime factors of 17041036?
2, 4260259
List the prime factors of 16149795.
3, 5, 23, 46811
List the prime factors of 1438803.
3, 31, 191
What are the prime factors of 1760028?
2, 3, 146669
List the prime factors of 524156.
2, 59, 2221
What are the prime factors of 4716938?
2, 151, 15619
What are the prime factors of 24685652?
2, 6171413
What are the prime factors of 1011943?
1011943
What are the prime factors of 2038411?
2038411
List the prime factors of 27855516.
2, 3, 13, 178561
List the prime factors of 31396224.
2, 3, 81761
List the prime factors of 138215.
5, 7, 11, 359
List the prime factors of 22769934.
2, 3, 11, 31, 359
What are the prime factors of 21089?
21089
List the prime factors of 1618679.
1618679
List the prime factors of 52191.
3, 1933
List the prime factors of 9534708.
2, 3, 83, 3191
List the prime factors of 3401314.
2, 7, 127, 1913
What are the prime factors of 1661004?
2, 3, 29, 37, 43
What are the prime factors of 1161713?
7, 67, 2477
What are the prime factors of 1135077?
3, 71, 73
What are the prime factors of 424335?
3, 5, 28289
What are the prime factors of 67621?
19, 3559
What are the prime factors of 925289?
47, 19687
What are the prime factors of 8221976?
2, 7, 41, 3581
What are the prime factors of 1536704?
2, 13, 1847
List the prime factors of 279377.
7, 107, 373
List the prime factors of 461838.
2, 3, 13, 31, 191
List the prime factors of 241402.
2, 7, 43, 401
What are the prime factors of 2029162?
2, 19, 67, 797
What are the prime factors of 887725?
5, 35509
List the prime factors of 307642.
2, 193, 797
List the prime factors of 1079525.
5, 29, 1489
List the prime factors of 5110208.
2, 79847
What are the prime factors of 3932450?
2, 5, 78649
What are the prime factors of 311883?
3, 11, 13, 727
List the prime factors of 133460.
2, 5, 6673
List the prime factors of 2099.
2099
What are the prime factors of 951618?
2, 3, 199, 797
What are the prime factors of 344101?
61, 5641
List the prime factors of 1432260.
2, 3, 5, 73, 109
List the prime factors of 2658756.
2, 3, 149, 1487
What are the prime factors of 34352?
2, 19, 113
What are the prime factors of 4815317?
13, 28493
What are the prime factors of 10382929?
131, 79259
What are the prime factors of 7087939?
607, 11677
What are the prime factors of 5859426?
2, 3, 976571
List the prime factors of 139833.
3, 5179
What are the prime factors of 136037?
11, 83, 149
List the prime factors of 32308814.
2, 16154407
List the prime factors of 319025.
5, 7, 1823
List the prime factors of 7468004.
2, 1867001
What are the prime factors of 39000?
2, 3, 5, 13
List the prime factors of 1674190.
2, 5, 7, 23917
What are the prime factors of 138106?
2, 199, 347
What are the prime factors of 36311?
11, 3301
What are the prime factors of 13604398?
2, 307, 22157
What are the prime factors of 857623?
13, 37, 1783
What are the prime factors of 153165?
3, 5, 10211
What are the prime factors of 2416891?
67, 36073
What are the prime factors of 3346520?
2, 5, 83663
What are the prime factors of 5743604?
2, 1435901
List the prime factors of 736201.
79, 9319
What are the prime factors of 17890460?
2, 5, 7, 17, 7517
What are the prime factors of 6710062?
2, 3355031
List the prime factors of 1080215.
5, 37, 5839
List the prime factors of 1963567.
1963567
List the prime factors of 6148539.
3, 97, 7043
List the prime factors of 73537.
151, 487
List the prime factors of 2419024.
2, 151189
What are the prime factors of 190466?
2, 95233
What are the prime factors of 199223?
17, 11719
List the prime factors of 19464.
2, 3, 811
What are the prime factors of 1067487?
3, 37, 59, 163
What are the prime factors of 1660521?
3, 553507
List the prime factors of 1004849.
101, 9949
What are the prime factors of 152553?
3, 211, 241
What are the prime factors of 165259?
59, 2801
What are the prime factors of 155678?
2, 77839
List the prime factors of 796913.
13, 59, 1039
What are the prime factors of 9755216?
2, 609701
What are the prime factors of 459648?
2, 3, 7, 19
List the prime factors of 838723.
71, 11813
List the prime factors of 1311857.
1311857
List the prime factors of 1953377.
569, 3433
List the prime factors of 95114.
2, 19, 2503
List the prime factors of 8535627.
3, 948403
List the prime factors of 319530.
2, 3, 5, 10651
List the prime factors of 2059521.
3, 137, 5011
List the prime factors of 3584881.
503, 7127
List the prime factors of 39